-2*d - 5. Let w be h(f). What are the prime factors of 11*(w - 2) + -1?
2, 5
Let i(q) = q - 1. Let r(y) = -10*y - 37. Let x(d) = -6*i(d) - r(d). List the prime factors of x(20).
3, 41
Let l be (1/(-1) - -2) + -1. Let x(d) = d**3 - d**2 + 86. List the prime factors of x(l).
2, 43
Let j(b) be the third derivative of b**7/2520 + b**6/360 + 5*b**4/24 - 2*b**2. Let g(x) be the second derivative of j(x). List the prime factors of g(-3).
3
Let f(t) = 2*t**2 + 11*t + 29. List the prime factors of f(12).
449
Let k be (33/9)/((-3)/(-486)*3). What are the prime factors of (2*20/(-12))/((-4)/k)?
3, 5, 11
Let r = 22 + 87. What are the prime factors of r?
109
Let y(p) = p**2 + 6*p - 4. Let v be y(-7). Suppose -h + v = -7. Suppose -3*d - 20 = -2*b, -h = 2*b - 3*b + d. List the prime factors of b.
2, 5
What are the prime factors of (40/50)/(3/1920)?
2
Let k = -7 + 132. What are the prime factors of k?
5
Let r be (-4)/10 - 66/(-15). Suppose -3*z - 3*a = a - 92, -3*a + 60 = 2*z. What are the prime factors of 10/r*z/15?
2, 3
Let c(g) be the third derivative of -g**6/120 - 2*g**5/15 + g**4/2 - 13*g**3/6 - 6*g**2. What are the prime factors of c(-10)?
67
Let g be 2/4*12*-2. Let x be (-15*1)/(9/g). Suppose h + 2*w = -h + 10, x = 4*h + 2*w. What are the prime factors of h?
5
Suppose -4123 = -10*o - 433. List the prime factors of o.
3, 41
Let f(s) be the second derivative of -4*s - 1/6*s**3 - s**2 + 0. What are the prime factors of f(-8)?
2, 3
Let q = 1011 + -620. What are the prime factors of q?
17, 23
Suppose -4*h + 112 = -6*h. Let r be (-79)/((-1)/(5 - 4)). Let q = h + r. What are the prime factors of q?
23
Suppose 5725 = 5*t - 10795. What are the prime factors of t?
2, 7, 59
Let h(s) = s**2 + 2*s + 2. Let b be h(-2). Let p = b - 2. List the prime factors of p + -2 - -1*23.
3, 7
Let l = -388 - -565. List the prime factors of l.
3, 59
Let x be 1 - (-6 - 2/(-2)). Suppose -4*g + x*g = 4. What are the prime factors of 9/3*2*g?
2, 3
Let x(n) = 14*n - 70. Let b be (2 + 3)*(-18)/15. Let v(f) = -2*f + 10. Let g(t) = b*x(t) - 44*v(t). List the prime factors of g(14).
2, 3
Suppose -311 = 4*l - 791. Suppose -11*h = -7*h - l. Suppose h = 4*t - 2*t. List the prime factors of t.
3, 5
Let n(y) = -y - 1. Let k be n(12). Let c = k + 21. List the prime factors of (3/2)/(c/176).
3, 11
Suppose -5*l + 29*l - 7032 = 0. What are the prime factors of l?
293
Suppose 66 = -2*c - 3*l, -4*c = 2*l - 3*l + 160. List the prime factors of (2 + -2 - c) + 2 + -3.
2, 19
Suppose 2*z - 1 = z. Let o be -3 + 4 - z*-2. What are the prime factors of 1*19/o*3?
19
What are the prime factors of (-407720)/(-280) - (3/(-3))/(-7)?
2, 7, 13
Let g(i) = -i**2 + 11*i - 13. Let r be g(9). Suppose -4*k - u = -2*u - 297, 4*k - 267 = -r*u. List the prime factors of k.
73
Let y = 602 + 310. List the prime factors of y.
2, 3, 19
Suppose -5*j - 4*h + 28 = -3*j, 3*h = -5*j + 42. Suppose 0 = 3*s - 5 + 14. Let b = j + s. What are the prime factors of b?
3
Suppose l + 3*l + 5*v - 4 = 0, 0 = 4*v. What are the prime factors of (l/2 + 0)*170?
5, 17
Let y be ((-7)/2)/(4 + (-27)/6). Let i(a) = -a**3 + 9*a**2 - 5*a + 3. List the prime factors of i(y).
2, 3, 11
Let a = -29 + 2279. What are the prime factors of a?
2, 3, 5
Let r = -65 + 123. Let b be 232/(-87)*129/(-2). Suppose 5*k - r = b. What are the prime factors of k?
2, 23
Let u be (2 + 1)*-1 + 8. Suppose u*b - 304 = 26. Suppose 13*r = 14*r - b. List the prime factors of r.
2, 3, 11
Suppose 3514 = 4*t - 3*g + 470, 3*t - 3*g = 2280. What are the prime factors of t?
2, 191
Let i(w) = -30*w - 2. Let b(l) = 89*l + 6. Let u(y) = 4*b(y) + 11*i(y). Suppose 3*t = 3*k - 18, k - 2*t = 2*k + 6. List the prime factors of u(k).
2, 3
Suppose -5*g - 7 = -3*n + 11, -5*n + 4*g = -30. Let i(z) = -1 - 8 - 28*z**2 + 7 + 29*z**2. List the prime factors of i(n).
2, 17
Let k be (-33)/(-7) - 12/(-42). Let d = -1 + k. Suppose -2*o - v + 143 = o, -d*v - 39 = -o. What are the prime factors of o?
47
Let u(d) = d**2 - 22*d + 45. What are the prime factors of u(23)?
2, 17
Let x(q) = -4*q - 7. Let t be (-1 - -7)/((-6)/4). What are the prime factors of x(t)?
3
Let x be (-76)/(-6)*6/2. Let l = x - 18. Suppose l = 4*h, 2*n + 2*n - 51 = -3*h. List the prime factors of n.
3
Let k = -170 - -177. Let i be -1 - (-4 + 0/(-1)). Suppose 2*y + i*j - 16 = k*j, -4*y + j = -11. List the prime factors of y.
2
Suppose 0 = -l + 2*m + 1, -5*m + 18 = 2*l - m. Suppose 0 = l*c - 108 - 2. List the prime factors of c.
2, 11
Let m be -3*69/18*-2. What are the prime factors of (-3 + m)*135/12?
3, 5
Let i(p) = -14*p + 2. Let t(c) = 434*c - 63. Let h(r) = 126*i(r) + 4*t(r). What are the prime factors of h(-3)?
2, 3, 7
Suppose 136 = 4*s + 2*q - 182, -3*s - 3*q = -231. Let v = s + -31. What are the prime factors of v?
3, 17
Let j be -2 + 8/4 + 6. Suppose 156 = -4*n + j*n. List the prime factors of n.
2, 3, 13
Let z be ((-1)/(-1))/(1/8). Suppose -15 = d - z. Let k = 8 - d. What are the prime factors of k?
3, 5
Suppose 5*n + 105 = -0*r - 5*r, -3 = -3*r. Suppose 50 + 100 = -5*d + w, w - 34 = d. Let l = n - d. List the prime factors of l.
7
Let c(r) = -4 - 1 + 6 + 25*r - 3*r**2 - 24*r. Let j be c(-1). Let z(q) = q + 10. List the prime factors of z(j).
7
Suppose 4*d = -0*d - 2688. List the prime factors of d/(-20) - 10/(-25).
2, 17
Let r(n) = -25*n - 144. List the prime factors of r(-15).
3, 7, 11
Let q = 50 - -21. Suppose -2*j + 161 + 85 = 0. Let i = j - q. What are the prime factors of i?
2, 13
Let p = 322 + -148. What are the prime factors of (-1)/(-7) + p/7?
5
Let i = -1904 - -3145. List the prime factors of i.
17, 73
Let m(h) be the first derivative of h**2 + 3*h - 5. Let p be (-7)/((-2)/1 - -1). List the prime factors of m(p).
17
Suppose 5*u = 2*y - 35, 4*u = 5*y - 3*y - 34. Let z = y - 21. What are the prime factors of -52*-3*(-1)/z?
2, 13
Suppose -5*j = -8*j + 6. Suppose j*d - b = 6, 2*d - 3 = d + b. Suppose -d*w = -23 - 7. List the prime factors of w.
2, 5
Suppose 6 = -19*p + 21*p. Suppose 38 = p*g - 34. What are the prime factors of g?
2, 3
Suppose -125 - 259 = 3*i. Let n = 213 + i. What are the prime factors of n?
5, 17
Suppose -45*f + 120717 = 6*f. What are the prime factors of f?
3, 263
What are the prime factors of (203/(-174))/(2/(-12))?
7
Let d(f) = 435*f + 6. What are the prime factors of d(5)?
3, 727
Suppose -p = -6*p + 1405. List the prime factors of p.
281
What are the prime factors of 1/(-3) + (-5432)/21*-2?
11, 47
Let d(l) = l**3 - 5*l**2 + 6*l. Let r be d(3). Suppose r*i - 2*x = -i + 10, -i = -3*x - 10. What are the prime factors of i?
2, 5
Let f be 5*4*(-3)/(-12). Suppose 5*j - 5 = -2*c, c = f*j - 3*c + 25. Let a(p) = -28*p**3 + p**2 + 2*p + 1. What are the prime factors of a(j)?
2, 7
Let p be 2/6 - (-112)/24. Let a(z) = z - 4. Let u be a(p). Suppose -m - 4*v + u + 4 = 0, -3*m - 2*v + 15 = 0. What are the prime factors of m?
5
What are the prime factors of (-61 - (3 + -1))*(-63 + 10)?
3, 7, 53
Let k(p) = 5*p + 1. Let r be k(1). Let b(d) = -5*d + 9. Let x be b(r). List the prime factors of (-1)/((-60)/x - 3).
7
Let s(h) = -6*h - 6. Let f be s(4). Let k = f + 236. List the prime factors of k.
2, 103
Suppose -3*j = -2*j + 4*u + 24, 4*u + 56 = -5*j. What are the prime factors of (-2 + -1)/(j/248)?
3, 31
Let a = -72 - -82. Suppose -a*h + 5*t = -8*h - 268, 5*h = -2*t + 670. List the prime factors of h.
2, 67
Let r(w) = 62*w + 40. List the prime factors of r(11).
2, 19
Let c = 609 + 519. What are the prime factors of c?
2, 3, 47
Let h(a) = -3*a**2 + 254*a + 36. List the prime factors of h(82).
2, 173
Let z be (-2 + 3)*-1*1. Let p = z + 6. Suppose 5*y = 5*j + 155, 0*y - 3*y = p*j - 53. List the prime factors of y.
2, 13
Let s = 650 + -130. What are the prime factors of s?
2, 5, 13
Let h be (-4)/28 + (-213)/(-21). Suppose -h*j = -7*j - 258. What are the prime factors of j?
2, 43
Suppose -4*h + 3 = -3*h + 4*i, -i = 3*h - 9. Suppose 3*p + h = 2*p. Let c(v) = -v**2 - 10*v - 3. List the prime factors of c(p).
2, 3
What are the prime factors of 51/(-68)*(-2)/(-3)*-370?
5, 37
Let z(a) = 254*a**2 - 2*a + 1. What are the prime factors of z(1)?
11, 23
Suppose 5*x + 5*u - 1465 = 0, -1457 = -2*x - 3*x + 3*u. What are the prime factors of x?
2, 73
Let m(v) = -35*v + 14. List the prime factors of m(-8).
2, 3, 7
Suppose 4*l - 3000 = 4*q